{"id":98,"date":"2026-04-11T03:25:04","date_gmt":"2026-04-11T03:25:04","guid":{"rendered":"https:\/\/bartincicekci.store\/?post_type=product&#038;p=98"},"modified":"2026-04-11T03:31:47","modified_gmt":"2026-04-11T03:31:47","slug":"cift-dalli-mavi-orkide","status":"publish","type":"product","link":"https:\/\/www.bartincicekci.store\/index.php\/urun\/cift-dalli-mavi-orkide\/","title":{"rendered":"\u00c7ift Dall\u0131 Mavi Orkide"},"content":{"rendered":"<p>&#8211; \u00c7i\u00e7ek Fiyatlar\u0131m\u0131za KDV dahildir.- \u00c7i\u00e7ek sipari\u015fi teslimatlar\u0131 09:00 ve 21:00 saatleri aras\u0131nda yap\u0131l\u0131r.- Kullan\u0131lan yan \u00fcr\u00fcnlerde stok durumuna g\u00f6re farkl\u0131l\u0131klar olabilir.- \u00c7i\u00e7ek sipari\u015fleriniz Firmam\u0131z g\u00fcvencesindedir.\u00d6zel g\u00fcnlerde fiyatlar de\u011fi\u015fkenlik te\u015fkil edebilir.<\/p>\n","protected":false},"excerpt":{"rendered":"<p>&#8211; \u00c7i\u00e7ek Fiyatlar\u0131m\u0131za KDV dahildir.- \u00c7i\u00e7ek sipari\u015fi teslimatlar\u0131 09:00 ve 21:00 saatleri aras\u0131nda yap\u0131l\u0131r.- Kullan\u0131lan yan \u00fcr\u00fcnlerde stok durumuna g\u00f6re farkl\u0131l\u0131klar olabilir.- \u00c7i\u00e7ek sipari\u015fleriniz Firmam\u0131z g\u00fcvencesindedir.\u00d6zel g\u00fcnlerde fiyatlar de\u011fi\u015fkenlik te\u015fkil edebilir.<\/p>\n","protected":false},"featured_media":99,"comment_status":"open","ping_status":"closed","template":"","meta":{"_regular_price":["3500"],"currency_symbol":[],"advanced_seo_description":"","jetpack_seo_html_title":"","jetpack_seo_noindex":false},"product_brand":[],"product_cat":[18,17,15,24,25,16],"product_tag":[30,29,28],"class_list":{"0":"post-98","1":"product","2":"type-product","3":"status-publish","4":"has-post-thumbnail","6":"product_cat-acilis-toren","7":"product_cat-dogum-gunu","8":"product_cat-genel","9":"product_cat-orkide-cesitleri","10":"product_cat-saksi-cicekleri","11":"product_cat-sevgiliye","12":"product_tag-bartin","13":"product_tag-cicek","14":"product_tag-orkide","16":"first","17":"instock","18":"sale","19":"shipping-taxable","20":"purchasable","21":"product-type-simple"},"post_slider_layout_featured_media_urls":{"thumbnail":["https:\/\/www.bartincicekci.store\/wp-content\/uploads\/2026\/04\/956c63efce832fa3fbc343fbb141b4ec-1-150x150.jpg",150,150,true],"post_slider_layout_landscape_large":["https:\/\/www.bartincicekci.store\/wp-content\/uploads\/2026\/04\/956c63efce832fa3fbc343fbb141b4ec-1.jpg",480,600,false],"post_slider_layout_portrait_large":["https:\/\/www.bartincicekci.store\/wp-content\/uploads\/2026\/04\/956c63efce832fa3fbc343fbb141b4ec-1.jpg",480,600,false],"post_slider_layout_square_large":["https:\/\/www.bartincicekci.store\/wp-content\/uploads\/2026\/04\/956c63efce832fa3fbc343fbb141b4ec-1.jpg",480,600,false],"post_slider_layout_landscape":["https:\/\/www.bartincicekci.store\/wp-content\/uploads\/2026\/04\/956c63efce832fa3fbc343fbb141b4ec-1-480x400.jpg",480,400,true],"post_slider_layout_portrait":["https:\/\/www.bartincicekci.store\/wp-content\/uploads\/2026\/04\/956c63efce832fa3fbc343fbb141b4ec-1.jpg",480,600,false],"post_slider_layout_square":["https:\/\/www.bartincicekci.store\/wp-content\/uploads\/2026\/04\/956c63efce832fa3fbc343fbb141b4ec-1.jpg",480,600,false],"full":["https:\/\/www.bartincicekci.store\/wp-content\/uploads\/2026\/04\/956c63efce832fa3fbc343fbb141b4ec-1.jpg",480,600,false]},"jetpack_likes_enabled":true,"jetpack_sharing_enabled":true,"_links":{"self":[{"href":"https:\/\/www.bartincicekci.store\/index.php\/wp-json\/wp\/v2\/product\/98","targetHints":{"allow":["GET"]}}],"collection":[{"href":"https:\/\/www.bartincicekci.store\/index.php\/wp-json\/wp\/v2\/product"}],"about":[{"href":"https:\/\/www.bartincicekci.store\/index.php\/wp-json\/wp\/v2\/types\/product"}],"replies":[{"embeddable":true,"href":"https:\/\/www.bartincicekci.store\/index.php\/wp-json\/wp\/v2\/comments?post=98"}],"wp:featuredmedia":[{"embeddable":true,"href":"https:\/\/www.bartincicekci.store\/index.php\/wp-json\/wp\/v2\/media\/99"}],"wp:attachment":[{"href":"https:\/\/www.bartincicekci.store\/index.php\/wp-json\/wp\/v2\/media?parent=98"}],"wp:term":[{"taxonomy":"product_brand","embeddable":true,"href":"https:\/\/www.bartincicekci.store\/index.php\/wp-json\/wp\/v2\/product_brand?post=98"},{"taxonomy":"product_cat","embeddable":true,"href":"https:\/\/www.bartincicekci.store\/index.php\/wp-json\/wp\/v2\/product_cat?post=98"},{"taxonomy":"product_tag","embeddable":true,"href":"https:\/\/www.bartincicekci.store\/index.php\/wp-json\/wp\/v2\/product_tag?post=98"}],"curies":[{"name":"wp","href":"https:\/\/api.w.org\/{rel}","templated":true}]}}